t common divisor of 4 and a.
4
Let y(p) = p**3 + 18*p**2 + 3. Let g be y(-18). Suppose -75 = -g*u - 2*u. Suppose -13 = 4*i - 133. Calculate the highest common factor of i and u.
15
Suppose -2*b + 2*r = -410, 0 = b + b + 2*r - 422. Calculate the highest common factor of 39 and b.
13
Suppose -5*v = 22 - 182. Let c = -22 + v. What is the highest common factor of 90 and c?
10
Let h = -21 - -31. Let q = 27 - 23. Suppose -q*c = -16, 5*r + 4*c - 22 = 2*r. What is the greatest common factor of h and r?
2
Suppose 38 = 4*v + 154. Let o be (20/6)/(2/24). Let r = v + o. What is the greatest common divisor of 11 and r?
11
Suppose 0 = 10*o + 393 - 5433. Calculate the greatest common factor of 56 and o.
56
Let d(v) = 30 + 2*v - 4*v + 2*v - 2*v. Let t be d(-18). What is the greatest common divisor of 6 and t?
6
Let s(v) be the second derivative of -v**3/6 - 5*v**2/2 + 9*v. Let y be s(-8). Let o be (978/2)/y + 2. What is the highest common divisor of 66 and o?
33
Let x be 5/((-25)/15)*-1. What is the highest common divisor of 5 and x?
1
Let i = 685 - 585. Calculate the highest common divisor of 725 and i.
25
Let h(b) = -4*b - 20. Suppose -3*r + 7 = -4*r. Let y be h(r). Suppose 2*x - y - 14 = 0. What is the highest common divisor of 33 and x?
11
Suppose 0 = 3*i + 2*i - 20. Let r be ((-27)/6 + i)*-504. Calculate the highest common factor of r and 28.
28
Suppose -2*a + 5*w + 184 = 0, 3*a - 368 = -a + 2*w. Let n = 217 - a. What is the highest common divisor of 25 and n?
25
Let u be (-50)/(-200) - (30/(-8) + 0). Suppose 5*t = u*b - 0*b + 178, 0 = -t + 5*b + 44. Calculate the highest common divisor of t and 238.
34
Let b = 275 + -183. Let s = b + -26. Suppose h - 2 = 0, w - 5*h + 2*h = s. What is the greatest common factor of 48 and w?
24
Suppose 0 = -5*w - q - 65 + 4035, 2*w + q - 1591 = 0. What is the greatest common divisor of w and 13?
13
Let c be -2 + 3/(3/7). Let p = -51 + 81. Let a be (-2)/(-3) + 10/p. Calculate the greatest common factor of a and c.
1
Let u(g) = 7*g + 12. Let i be u(12). Suppose 4*t - i = -2*t. What is the greatest common divisor of t and 64?
16
Let k be 1*(-6 + 36) - -3. What is the highest common divisor of 528 and k?
33
Suppose 2*y + 76 = -2*q + 3*q, -4*y - 236 = -3*q. Suppose -5*j = -5*s - 125, -4*j + 3*s + 15 = -q. Calculate the greatest common divisor of 120 and j.
24
Let d = -129 - -136. Suppose 3*v = -17 + 2. Let g = 2 - v. Calculate the highest common divisor of d and g.
7
Suppose -2 = 8*l - 7*l. Let r be (-238)/(-8) - l/8. Suppose 3*c = -5*o + 40, 2*c + 0*o - 3*o - 52 = 0. Calculate the highest common divisor of c and r.
10
Let z = -8 + 19. Suppose 0 = -12*b - 0*b + 1056. What is the greatest common divisor of z and b?
11
Suppose -56 = -4*z - 15*h + 19*h, -5*z - 4*h + 97 = 0. Suppose 0*s = -3*s + 72. Let p = s - z. What is the highest common divisor of p and 35?
7
Let v = 344 - 299. Calculate the greatest common divisor of v and 72.
9
Let o(y) = -64*y + 57. Let c be o(-34). What is the highest common factor of c and 77?
77
Let z(t) = 5*t**2 + 46*t - 17. Let y be z(-14). What is the highest common divisor of y and 11?
11
Let o be (-4)/(-40) - (-1832)/80. What is the highest common divisor of 253 and o?
23
Suppose -55 = -5*k + s, 0 = -s - 1 - 4. Let n = k + 116. Calculate the highest common divisor of n and 14.
14
Let s be 0/(1*5/(-5)). Let d be ((s - 10)/(-1))/1. Let u = 19 - d. What is the greatest common factor of u and 1?
1
Suppose 0 = 3*m - 6, -4*r + 5*r + 5*m - 21 = 0. Suppose -3*d = -r - 25. Calculate the greatest common factor of 18 and d.
6
Let u = 195 + -181. Suppose 4*l - 41 = -3*v, l + 6 = v + 4. What is the greatest common divisor of u and v?
7
Let v = 645 - 621. Let s = -3 - -6. Suppose 0 = -4*r + 3*j + 234, -54 = 2*r + s*j - 180. Calculate the highest common factor of v and r.
12
Suppose 0 = -5*s - 32 + 2. Let h be 38 - (-8)/(s/3). Calculate the highest common divisor of 34 and h.
34
Let y = 119 - 203. Let n be (-1)/(-5) - (y/5 + 1). What is the greatest common factor of 8 and n?
8
Let k = -22 - -47. Let g = 95 + -55. Suppose -5*m = 3*m - g. What is the greatest common divisor of m and k?
5
Let q = 193 + -127. Calculate the greatest common factor of 88 and q.
22
Let q be -2 + -1 - (-21)/1. Suppose 12*z - q = 9*z. Suppose -2*c = 3*c - 15. Calculate the highest common factor of z and c.
3
Suppose 2*f - m - 260 = 0, 650 = -45*f + 50*f + m. Calculate the highest common divisor of 26 and f.
26
Let t(p) = -p**3 + 14*p**2 + 6*p - 36. Let l be t(14). Let r = 1078 + -694. What is the highest common factor of l and r?
48
Let h(u) = 24*u**2 - 10*u - 22*u**2 + 24 - u. Let y be h(4). What is the greatest common divisor of 16 and y?
4
Let c be 2/(-3) - ((-598)/6 - -7). Calculate the highest common divisor of c and 4.
4
Let s = -13 + 16. Let o be ((-16)/(-6) - 2) + 86/6. Calculate the highest common divisor of s and o.
3
Let m be 39 + (13 - 7)/(-6). Calculate the highest common divisor of m and 2.
2
Let f = -18 - -21. Suppose -4*h + f*h = -4. Let t be 1734/85 + h/(-10). Calculate the highest common divisor of t and 10.
10
Suppose 428 + 47 = 5*y + 4*u, 3*u = 4*y - 411. Calculate the greatest common divisor of y and 275.
11
Suppose 3*w - 6 - 12 = 0. Let a(t) = -t**3 + 4*t**2 - 3*t. Let q be a(2). What is the greatest common divisor of w and q?
2
Suppose 258 = 4*c - 210. Suppose 219 = 6*x - c. Calculate the greatest common factor of 70 and x.
14
Suppose m + 485 = 3*v, 166 = -16*v + 17*v + 4*m. What is the highest common factor of 12 and v?
6
Let y(c) = c**3 - 21*c**2 - 50*c + 101. Let l be y(23). What is the greatest common divisor of 423 and l?
9
Let b be (2 + 3/(-9))*3. Suppose 0 = 5*p - 2*t - 36, -p + 3*p + 3*t = 3. Let o be (1 + -1)*1 + (p - 5). What is the greatest common factor of o and b?
1
Let p(j) = 9*j**2 + 10*j + 5. Let a be p(-4). Suppose a = v - 3*q, q + 62 = 2*v - 161. What is the greatest common divisor of 16 and v?
16
Let u(j) = 2*j - 12. Let m be u(9). Suppose 33 = m*i - 27. What is the highest common factor of i and 90?
10
Suppose 14*d = 32*d - 378. What is the greatest common divisor of d and 21?
21
Let o(z) = z**2 - 3. Let v(i) = -i**2 + i + 3. Let q(k) = 4*o(k) + 3*v(k). Let g be q(-6). Suppose 5 + 25 = 6*t. What is the highest common divisor of t and g?
5
Suppose 70 + 46 = 4*m. Calculate the highest common divisor of m and 87.
29
Let j(o) = -o**3 - 11*o**2 - 8*o + 22. Let g be j(-10). Suppose 2*t + g*v - 28 = 0, 3*t - 3*v - 48 = -0*t. What is the greatest common divisor of t and 165?
15
Suppose -12*p + 11*p + 5 = 0, -2*a = p - 465. What is the highest common divisor of a and 184?
46
Suppose 2*z + t = 36, -3*t = -0*t. Suppose -2*n - 3 = -9. Suppose a = 3 + n. What is the greatest common factor of z and a?
6
Let j(u) = -12*u + 227. Let k be j(16). Calculate the highest common factor of k and 28.
7
Let c be -8 + 3 + (902 - 6). Calculate the greatest common factor of c and 198.
99
Suppose 5*o - 2 - 8 = 0. Let s = -59 + 60. What is the highest common factor of s and o?
1
Let d = -31 - -23. Let v(q) be the first derivative of -q**4/4 - 7*q**3/3 + 3*q**2 + q - 3. Let l be v(d). Calculate the highest common divisor of l and 136.
17
Let y = 898 + -880. What is the highest common factor of y and 207?
9
Suppose -3*m = 3*o - 741, 3*o + o + 20 = 0. What is the greatest common divisor of m and 36?
36
Let x(m) = m**3 - 6*m**2 + 9*m + 7. Let q be ((-9)/(-36))/((-3)/(-60)). Let t be x(q). Calculate the highest common factor of 54 and t.
27
Suppose -3*j = 3*v - 0*j - 24, 4*j + 16 = 0. What is the greatest common factor of v and 66?
6
Suppose 0 = 9*i + 106 - 1006. Calculate the greatest common factor of 25 and i.
25
Let h = 11912 + -8271. Calculate the highest common divisor of h and 11.
11
Let g be ((-2)/6)/((-1)/24). Let r(s) = -9*s**2 + 120*s - 23. Let w be r(13). Calculate the highest common divisor of g and w.
8
Suppose 0 = 32*a - 16496 - 2544. Calculate the greatest common factor of a and 35.
35
Suppose -l + 0 = c - 5, 0 = 4*l - 2*c - 8. Suppose -l*s + 45 = -36. What is the highest common divisor of 3 and s?
3
Let v be (28/6)/(2/3). Suppose -v*u + 13 = -8*u. Let r(h) = -10*h - 22. Let o be r(u). What is the highest common factor of 12 and o?
12
Let s(i) = -3*i**3 + i. Let o be s(1). Let f be -3 + 2 - (-14)/o. Let r = 6 - f